 What is the remainder when o(a) is divided by 20?
17
Suppose -3*p = 3, u - 6*p = -7*p + 20. What is the remainder when 26 is divided by u?
5
Suppose -3*w + 9 = 3*k - 8*w, 5*k - 15 = -2*w. Calculate the remainder when 21 is divided by (-16)/k*21/(-14).
5
Let s = 12 + -66. Calculate the remainder when 74 is divided by (1 - 4)/(s/198).
8
Suppose 2*t = -3*f + 274, 2*t = -6*f + 10*f - 356. Let n = 61 + -30. Calculate the remainder when f is divided by n.
28
Suppose 0 = d + 5*v - 405, 2*d + 5*v - 902 = -82. What is the remainder when d is divided by 10?
5
Let g = -59 + 76. Let b(s) = -s**2 + 21*s - 41. Calculate the remainder when b(g) is divided by 5.
2
Let n = 0 + 4. Let i(w) = -34*w**2 + 3*w - 2. Let f be i(n). What is the remainder when 57 is divided by f/(-27) - (-8)/36?
17
Suppose -3*x - i - 33 = 0, i - 18 = 4*x + 19. Calculate the remainder when 218 is divided by -3*x/2 - 2.
10
Suppose -4*x + 110 = -326. Let z = -62 + x. Suppose 0 = 5*y - s - 82, s + 23 = -4*y + 85. Calculate the remainder when z is divided by y.
15
Let n be 3*(-4 - -3) - -6. Suppose -n*t = 4*x - 93, -2*x + t = -0*t - 49. What is the remainder when 46 is divided by x?
22
Suppose -x = 3*m - 4*m + 23, 0 = -x - 3*m - 43. Let q be 2/3 + 68/6. Calculate the remainder when 27 is divided by (x/3)/((-8)/q).
13
Let k(v) = 3*v**3 - v**2 + 1. Let a be k(1). Let n(g) = g**3 - 3*g**2 + 2*g - 2. Let p be n(a). What is the remainder when 39 is divided by p/(-6) - 44/(-3)?
11
Suppose -23 = -3*c + 4. Let l(g) = 5*g**3 - 4*g**2 + 3*g + 2. Calculate the remainder when l(2) is divided by c.
5
Suppose -3*h - 3*r + 550 = 2*h, -3*h + 5*r + 330 = 0. Let d = -25 - -44. What is the remainder when h is divided by d?
15
Let y = 145 - 75. Let c = -47 + y. What is the remainder when 65 is divided by c?
19
Suppose 0 = -10*g + 641 - 381. What is the remainder when 700 is divided by g?
24
Let n = -85 + 223. Let o = n + -85. Calculate the remainder when o is divided by 11.
9
Calculate the remainder when 3*3*(-16)/(-12)*90/72 is divided by (-9)/2*(-2 - 0).
6
Suppose 5*n = 4*s + s + 40, -5*n - 4*s = -67. Suppose w = 2*w + 3*c - 11, 0 = w - 4*c - n. What is the remainder when 63 is divided by w?
8
Let b(h) = 28*h**2 - 51*h + 4. What is the remainder when b(4) is divided by 47?
13
Suppose 8*f - 2340 = -4*n + 4*f, f = -2. Calculate the remainder when n is divided by 6.
5
Suppose -3*y + 154 = 4*s - y, 2*y - 192 = -5*s. Suppose 5*i - s = 72. Calculate the remainder when 61 is divided by i.
17
Suppose -z = z. Calculate the remainder when 54 is divided by z + (-19)/(-4 + 3).
16
Let p = -3086 + 3481. What is the remainder when p is divided by 35?
10
Suppose 35*t = 3*t + 6560. Calculate the remainder when t is divided by 77.
51
Let p(w) = 2*w**2 + 2*w + 5. Let y(h) = h + 20. Let c be y(-10). Calculate the remainder when p(-3) is divided by (-4)/c + 108/20.
2
Suppose 12 = -13*t + 38. Suppose 5*h = -3*l + 70, 3*h = -5*l + h + 104. Suppose -3*c = c - l. Calculate the remainder when c is divided by t.
1
Suppose -4*s + 5328 = 772. What is the remainder when s is divided by 4?
3
Let c(y) = -2*y**2 + 34*y + 23. Calculate the remainder when 1239 is divided by c(17).
20
Let t = -10 + 23. Suppose w - 11 = 4*q, 2*w = -3*w + q + 36. Suppose 216 = w*i - i. Calculate the remainder when i is divided by t.
10
Suppose z + 13 = -0*z. Let h = z + 26. Suppose 2*s - 46 = 3*g + 39, -4*g = 3*s - 170. What is the remainder when s is divided by h?
11
What is the remainder when 211 is divided by -2*(-2)/(-16) + 221/4?
46
Let y(n) = -n**3 + 6*n**2 + 7*n - 1. Let w(r) = -3 + 1 - 16 + 5*r - 1. Calculate the remainder when y(6) is divided by w(6).
8
Suppose -s - 3*y + 187 = 0, -5*s + 382 + 564 = 4*y. Calculate the remainder when s is divided by 6.
4
Calculate the remainder when 79 is divided by ((-55)/5 - 5)*-1.
15
Suppose -4 = 4*p - 3*p. Calculate the remainder when (-78)/(1 - p/(-2)) is divided by 27.
24
Let y(c) = -13*c - 75. Calculate the remainder when 18 is divided by y(-7).
2
Suppose 0 = 3*s - w - 61, -4*s + 8*w + 93 = 9*w. Let m = 284 - 199. Calculate the remainder when m is divided by s.
19
Let b(x) = 8*x**2 - 10*x - 11. Let i(n) = -n**2 + 12*n + 5. What is the remainder when b(-4) is divided by i(7)?
37
Suppose -c + 20 = 2*y + 4*c, 0 = -4*y + 5*c + 40. Suppose -976 = -y*b + 614. Calculate the remainder when b is divided by 32.
31
Suppose -g + 5 = -0*g. Suppose -g*u + 3*o = 4*o - 63, -5*u - 4*o + 57 = 0. Calculate the remainder when u is divided by 7.
6
Let f(s) = -s**3 - 29*s**2 - 32*s - 82. What is the remainder when 87 is divided by f(-28)?
27
Let w(n) = -n**3 + 5*n**2 - n - 2. Let x be w(4). Let y(q) = q**2 - 10*q + 10. Calculate the remainder when y(x) is divided by (-6)/5*30/(-12).
1
Let r(w) = -6*w + 4. Let k = 54 + -56. Let l(c) = -17*c - 10. What is the remainder when l(-7) is divided by r(k)?
13
Let z(b) = -b**3 + b**2 + b + 17. Calculate the remainder when 72 is divided by z(0).
4
Let z(g) = 3*g + 4*g + 0*g + 3 - 5*g. Let v(o) = -9*o. Let k be v(-1). What is the remainder when 81 is divided by z(k)?
18
Let h = -103 + 166. Let y(s) = 5*s + 6. Let g be y(5). Suppose 49 = 4*a + 4*m - g, -a + 4 = -3*m. What is the remainder when h is divided by a?
15
Let h(d) = -d**2 + 8*d. Let j be h(6). What is the remainder when 24 is divided by (j/(-21))/((-1)/7) - -1?
4
Calculate the remainder when 726 is divided by 2*(-1092)/(-12)*4/14.
50
Let g = -11 - -82. Let v = 82 - 70. Calculate the remainder when g is divided by v.
11
Let b(s) = 2*s + 2. Suppose -3*c = -2*w + 3 - 10, -5*w = 10. Let n be (c/3)/(3/18). What is the remainder when 21 is divided by b(n)?
3
Let d be 2/(-3) - (-22)/6. Let w(m) = -m**2 - m + 53. What is the remainder when w(0) is divided by (d/(-9))/((-10)/810)?
26
Suppose 6*m + 185 = 377. What is the remainder when 285 is divided by m?
29
Suppose 4*s - 3 = 13. Suppose 5*n - 3*m + 2*m - 245 = 0, 98 = 2*n + 2*m. Suppose l - n = s. What is the remainder when l is divided by 19?
15
Suppose 2*a - z - 607 = 0, 4*a + z - 1184 = -3*z. Let o = a + -215. Suppose 5*q + 10 = h + 2*q, -3*q = h - 34. Calculate the remainder when o is divided by h.
20
Suppose -b + 57 = 2*b. Suppose 3 = m + 1. Calculate the remainder when b is divided by 1/m*(-98)/(-7).
5
Calculate the remainder when 65 is divided by (-63)/84 - 19/(-4).
1
Let d(o) = -4*o**3 - o**2 + o. Calculate the remainder when 53 is divided by d(-2).
1
Let w(z) be the third derivative of z**5/6 - z**4/8 - z**3/6 + 8*z**2. Let t be w(-1). Let c = 17 - t. Calculate the remainder when 9 is divided by c.
4
Suppose -130 = -8*p + 3*p. Suppose -144 = p*l - 34*l. What is the remainder when 68 is divided by l?
14
Suppose q - 27 = 53. Calculate the remainder when 154 is divided by q.
74
Let r(x) = -4*x + 22. Let g be r(11). What is the remainder when 58 is divided by g/(-4)*(5 + -5 + 4)?
14
Suppose -1474 - 1056 = -55*l. Calculate the remainder when 503 is divided by l.
43
Suppose 5*m = 2*k + 19, 6*m - 35 = 2*m - 5*k. Suppose -22 = -2*b - m*c, 2 = 2*b + c - 6*c. Calculate the remainder when 6 is divided by b.
0
Let x = -13 - -114. Calculate the remainder when x is divided by 55.
46
Suppose 0 = 4*y + 3*u - 235, 4*y - 72 - 153 = -u. What is the remainder when 156 is divided by 1*y + (5 - 4) - 2?
48
Suppose u + 3*i = 0, -i + 0*i = u - 2. Calculate the remainder when -3 - (1*-34)/2 is divided by (42/(-35))/(u/(-10)).
2
Let z be (3/(-2))/(12/128). Let q be (42/56)/((-6)/z). Suppose q*h - 6*h + 56 = 0. Calculate the remainder when 55 is divided by h.
13
Let h = 51 - 17. What is the remainder when 99 is divided by h?
31
Let r = 858 + -783. What is the remainder when r is divided by 26?
23
Suppose 180 + 90 = 20*j + 90. Let b = 6 + -1. What is the remainder when j is divided by b?
4
Let g = 17 + -17. Suppose g*x = 3*x - 318. Suppose -105 = -2*u - 2*u + b, 123 = 5*u - 4*b. What is the remainder when x is divided by u?
25
Let a = -1011 + 1186. Calculate the remainder when a is divided by 44.
43
Let z(y) = y**2 + 5*y + 2. Let x be z(-5). Suppose o = -o + x*d + 26, -2*d = -o + 17. What is the remainder when 24 is divided by o?
6
Let t = -17 - -24. Suppose 5*s - 2*q - 17 = 2*q, -4*s = -2*q - 16. What is the remainder when t is divided by s?
2
Let j(n) be the first derivative of -n + 9/2*n**4 - 1 + 0*n**3 + 0